{"id":42,"date":"2013-09-13T21:38:37","date_gmt":"2013-09-13T20:38:37","guid":{"rendered":"http:\/\/www.leriredelarcenciel.fr\/Blog\/?page_id=42"},"modified":"2018-05-24T18:38:20","modified_gmt":"2018-05-24T17:38:20","slug":"contact","status":"publish","type":"page","link":"https:\/\/www.leriredelarcenciel.fr\/Blog\/contact\/","title":{"rendered":"Contact et confidentialit\u00e9"},"content":{"rendered":"<p>Une question ?\u00a0Un conseil ? Une id\u00e9e ?&#8230;<\/p>\n<p>N&rsquo;h\u00e9sitez pas \u00e0 m&rsquo;\u00e9crire ici, je vous r\u00e9pondrai d\u00e8s que possible\u00a0:<\/p>\n<form method=\"post\" id=\"cntctfrm_contact_form\" class=\"cntctfrm_contact_form cntctfrm_one_column cntctfrm_ltr cntctfrm_width_default\" action=\"\/Blog\/wp-json\/wp\/v2\/pages\/42#cntctfrm_contact_form\" enctype=\"multipart\/form-data\"><div id=\"cntctfrm_first_column\" class=\"cntctfrm_column\"><div class=\"cntctfrm_field_wrap cntctfrm_field_name_wrap\"namecontact><div class=\"cntctfrm_label cntctfrm_label_name\">\n\t\t\t\t\t\t\t\t\t<label for=\"cntctfrm_contact_name\">Nom: <span class=\"required\">*<\/span><\/label><\/div><div class=\"cntctfrm_input cntctfrm_input_name\">\n\t\t\t\t\t\t\t\t\t<input namecontact class=\"text\" type=\"text\" size=\"40\" pattern=\"^([\\p{L}\\p{M}]{2,}(\\s)*(\\p{L}+\\p{M}*-*){1,})|([\\p{L}\\p{M}]{3,})\" title=\"Veuillez saisir uniquement des lettres d'au moins 3 caract\u00e8res, les mots \u00e9tant s\u00e9par\u00e9s par des espaces\" value=\"\" name=\"cntctfrm_contact_name\" id=\"cntctfrm_contact_name\" \/><\/div><\/div><div class=\"cntctfrm_field_wrap cntctfrm_field_email_wrap\"email><div class=\"cntctfrm_label cntctfrm_label_email\">\n\t\t\t\t\t\t\t\t\t<label for=\"cntctfrm_contact_email\">Adresse e-mail: <span class=\"required\">*<\/span><\/label>\n\t\t\t\t\t\t\t\t<\/div><div class=\"cntctfrm_input cntctfrm_input_email\">\n\t\t\t\t\t\t\t\t\t<input email class=\"text\" type=\"email\" size=\"40\" value=\"\" name=\"cntctfrm_contact_email\" id=\"cntctfrm_contact_email\" \/><\/div><\/div><div class=\"cntctfrm_field_wrap cntctfrm_field_subject_wrap\"subject><div class=\"cntctfrm_label cntctfrm_label_subject\">\n\t\t\t\t\t\t\t\t\t<label for=\"cntctfrm_contact_subject\">Sujet: <span class=\"required\">*<\/span><\/label>\n\t\t\t\t\t\t\t\t<\/div><div class=\"cntctfrm_input cntctfrm_input_subject\">\n\t\t\t\t\t\t\t\t<input subject pattern=\"^([\\p{M}\\p{L}]{1,}(\\s\\p{M}*\\p{L}+-*)*){3,}\" title=\"Veuillez saisir uniquement des lettres d'au moins 3 caract\u00e8res, les mots \u00e9tant s\u00e9par\u00e9s par des espaces\" class=\"text\" type=\"text\" size=\"40\" value=\"\" name=\"cntctfrm_contact_subject\" id=\"cntctfrm_contact_subject\" \/><\/div><\/div><div class=\"cntctfrm_field_wrap cntctfrm_field_message_wrap\"message><div class=\"cntctfrm_label cntctfrm_label_message\">\n\t\t\t\t\t\t\t\t<label for=\"cntctfrm_contact_message\">Message: <span class=\"required\">*<\/span><\/label>\n\t\t\t\t\t\t\t<\/div><div class=\"cntctfrm_input cntctfrm_input_message\">\n\t\t\t\t\t\t\t\t<textarea message rows=\"5\" cols=\"30\"name=\"cntctfrm_contact_message\" id=\"cntctfrm_contact_message\"><\/textarea><\/div><\/div><\/div><div class=\"clear\"><\/div><div class=\"cntctfrm_submit_wrap\"><div id=\"cntctfrm_submit_first_column\" class=\"cntctfrm_column\"><div class=\"cntctfrm_input cntctfrm_input_submit\"><input type=\"hidden\" value=\"send\" name=\"cntctfrm_contact_action\">\n\t\t\t\t\t\t\t<input type=\"hidden\" value=\"default\" name=\"cntctfrm_language\">\n\t\t\t\t\t\t\t<input type=\"hidden\" value=\"1\" name=\"cntctfrm_form_submited\">\n\t\t\t\t\t\t\t<input type=\"hidden\" value=\"cntctfrm_options\" name=\"cntctfrm_options_name\">\n\t\t\t\t\t\t\t<input type=\"submit\" value=\"Envoyer\" class=\"cntctfrm_contact_submit\" id=\"1\" \/>\n\t\t\t\t\t\t<\/div><\/div><div id=\"cntctfrm_submit_second_column\" class=\"cntctfrm_column\"><\/div><div class=\"clear\"><\/div>\n\t\t\t<\/div>\n\t\t\t<\/form>\n<p>Vous pouvez \u00e9galement me t\u00e9l\u00e9phoner au 06 84 11 84 18.<\/p>\n<p>A bient\u00f4t !<\/p>\n<p>**********************************************************<\/p>\n<p>Confidentialit\u00e9 respectant le R\u00e8glement G\u00e9n\u00e9ral de Protection des Donn\u00e9es<\/p>\n<blockquote><p><strong>1.Collecte de l\u2019information<\/strong><\/p>\n<p>Je recueille des informations lorsque vous vous inscrivez sur mon blog, lorsque vous vous connectez \u00e0 votre compte, r\u00e9digez un commentaire ou un message, participez \u00e0 un concours, et\/ou lorsque vous vous d\u00e9connectez. Les informations recueillies incluent votre nom et votre adresse e-mail.<\/p>\n<p>En outre, mon blog re\u00e7oit et enregistre automatiquement des informations anonymis\u00e9es \u00e0 partir de votre ordinateur et navigateur, tels que la page et\/ou l&rsquo;article que vous consultez.<\/p><\/blockquote>\n<h3><\/h3>\n<blockquote><p><strong>2. Utilisation des informations<br \/>\n<\/strong><\/p>\n<p>Toute les informations que je recueille aupr\u00e8s de vous peuvent \u00eatre utilis\u00e9es pour :<\/p>\n<ul>\n<li>Am\u00e9liorer mon blog en prenant connaissance des pages qui vous plaisent le plus<\/li>\n<li>R\u00e9pondre \u00e0 vos messages par e-mail<\/li>\n<li>R\u00e9pondre \u00e0 vos commentaires<\/li>\n<li>Administrer un concours ou une enqu\u00eate<\/li>\n<\/ul>\n<\/blockquote>\n<p>&nbsp;<\/p>\n<blockquote><p><strong>3. Confidentialit\u00e9 de vos informations<br \/>\n<\/strong><\/p>\n<p>Je suis la seule propri\u00e9taire des informations recueillies sur ce blog. Vos informations personnelles ne seront pas vendues, \u00e9chang\u00e9es, transf\u00e9r\u00e9es, ou donn\u00e9es \u00e0 une autre soci\u00e9t\u00e9 pour n\u2019importe quelle raison, sans votre consentement.<\/p><\/blockquote>\n<h3><\/h3>\n<blockquote><p><strong>4. Divulgation \u00e0 des tiers<br \/>\n<\/strong><\/p>\n<p>Je ne vends pas, n\u2019\u00e9change pas et ne transf\u00e8re pas vos informations personnelles identifiables \u00e0 des tiers. Cela ne comprend pas les tierce parties de confiance qui m&rsquo;aident \u00e0 exploiter mon blog, tant que ces parties conviennent de garder ces informations confidentielles.<\/p>\n<p>Je pense qu\u2019il est n\u00e9cessaire de partager des informations afin d\u2019enqu\u00eater, de pr\u00e9venir ou de prendre des mesures concernant des activit\u00e9s ill\u00e9gales, fraudes pr\u00e9sum\u00e9es, situations impliquant des menaces potentielles \u00e0 la s\u00e9curit\u00e9 physique de toute personne, violations de mes conditions d\u2019utilisation, ou quand la loi m&rsquo;y contraint.<\/p>\n<p>Les informations non-priv\u00e9es, cependant, peuvent \u00eatre fournies \u00e0 d\u2019autres parties pour le suivi de la fr\u00e9quentation de mon blog.<\/p><\/blockquote>\n<h3><\/h3>\n<blockquote><p><strong>5. Protection des informations<br \/>\n<\/strong><\/p>\n<p>Les ordinateurs et serveurs utilis\u00e9s pour stocker des informations personnelles identifiables sont conserv\u00e9s dans un environnement s\u00e9curis\u00e9.<\/p>\n<p><strong>Est-ce que nous utilisons des cookies ?<\/strong><\/p>\n<p>Oui. Les cookies am\u00e9liorent l\u2019acc\u00e8s \u00e0 mon blog et identifient les visiteurs r\u00e9guliers. En outre, les cookies am\u00e9liorent l\u2019exp\u00e9rience d\u2019utilisateur. Cependant, cette utilisation des cookies n\u2019est en aucune fa\u00e7on li\u00e9e \u00e0 des informations personnelles identifiables sur mon blog.<\/p><\/blockquote>\n<p>&nbsp;<\/p>\n<blockquote><p><strong>6. Se d\u00e9sabonner<br \/>\n<\/strong><\/p>\n<p>Si vous \u00eates abonn\u00e9-e-s, j&rsquo;utilise l\u2019adresse e-mail que vous fournissez pour vous informer de la mise \u00e0 disposition d&rsquo;un nouvel article. Si \u00e0 n\u2019importe quel moment vous souhaitez vous d\u00e9sinscrire et ne plus recevoir d\u2019e-mails, des instructions de d\u00e9sabonnement d\u00e9taill\u00e9es sont incluses en bas de chaque e-mail.<\/p><\/blockquote>\n<h3><\/h3>\n<blockquote><p><strong>7. Consentement<\/strong><br \/>\nEn utilisant mon blog, vous consentez \u00e0 cette politique de confidentialit\u00e9.<\/p><\/blockquote>\n","protected":false},"excerpt":{"rendered":"<p>Une question ?\u00a0Un conseil ? Une id\u00e9e ?&#8230; N&rsquo;h\u00e9sitez pas \u00e0 m&rsquo;\u00e9crire ici, je vous r\u00e9pondrai d\u00e8s que possible\u00a0: Vous pouvez \u00e9galement me t\u00e9l\u00e9phoner au 06 84 11 84 18. A bient\u00f4t ! ********************************************************** Confidentialit\u00e9 respectant le R\u00e8glement G\u00e9n\u00e9ral de Protection des Donn\u00e9es 1.Collecte de l\u2019information Je recueille des informations lorsque vous vous inscrivez sur [&hellip;]<\/p>\n","protected":false},"author":1,"featured_media":0,"parent":0,"menu_order":0,"comment_status":"closed","ping_status":"open","template":"","meta":{"jetpack_post_was_ever_published":false,"footnotes":""},"class_list":["post-42","page","type-page","status-publish","hentry"],"jetpack_sharing_enabled":true,"jetpack_shortlink":"https:\/\/wp.me\/P4fKpm-G","_links":{"self":[{"href":"https:\/\/www.leriredelarcenciel.fr\/Blog\/wp-json\/wp\/v2\/pages\/42","targetHints":{"allow":["GET"]}}],"collection":[{"href":"https:\/\/www.leriredelarcenciel.fr\/Blog\/wp-json\/wp\/v2\/pages"}],"about":[{"href":"https:\/\/www.leriredelarcenciel.fr\/Blog\/wp-json\/wp\/v2\/types\/page"}],"author":[{"embeddable":true,"href":"https:\/\/www.leriredelarcenciel.fr\/Blog\/wp-json\/wp\/v2\/users\/1"}],"replies":[{"embeddable":true,"href":"https:\/\/www.leriredelarcenciel.fr\/Blog\/wp-json\/wp\/v2\/comments?post=42"}],"version-history":[{"count":9,"href":"https:\/\/www.leriredelarcenciel.fr\/Blog\/wp-json\/wp\/v2\/pages\/42\/revisions"}],"predecessor-version":[{"id":4144,"href":"https:\/\/www.leriredelarcenciel.fr\/Blog\/wp-json\/wp\/v2\/pages\/42\/revisions\/4144"}],"wp:attachment":[{"href":"https:\/\/www.leriredelarcenciel.fr\/Blog\/wp-json\/wp\/v2\/media?parent=42"}],"curies":[{"name":"wp","href":"https:\/\/api.w.org\/{rel}","templated":true}]}}